?
0
What is the hundred thousands digit of 8285814?
2
What is the thousands digit of 7194090?
4
What is the hundreds digit of 666807?
8
What is the units digit of 201872?
2
What is the units digit of 1688572?
2
What is the hundred thousands digit of 385542?
3
What is the units digit of 185992?
2
What is the hundred thousands digit of 4916056?
9
What is the ten thousands digit of 54902?
5
What is the thousands digit of 22003?
2
What is the hundred thousands digit of 4148317?
1
What is the ten thousands digit of 1041700?
4
What is the thousands digit of 38493?
8
What is the ten thousands digit of 1934680?
3
What is the tens digit of 455092?
9
What is the units digit of 274805?
5
What is the hundreds digit of 308865?
8
What is the units digit of 175742?
2
What is the millions digit of 34915271?
4
What is the hundreds digit of 2771552?
5
What is the ten thousands digit of 40973?
4
What is the millions digit of 1331980?
1
What is the units digit of 346393?
3
What is the hundred thousands digit of 7232971?
2
What is the hundred thousands digit of 563049?
5
What is the units digit of 331005?
5
What is the thousands digit of 447656?
7
What is the tens digit of 207143?
4
What is the units digit of 9422005?
5
What is the thousands digit of 4563043?
3
What is the hundreds digit of 2949814?
8
What is the units digit of 6824157?
7
What is the tens digit of 7813941?
4
What is the tens digit of 93828?
2
What is the hundreds digit of 1419743?
7
What is the thousands digit of 3892738?
2
What is the hundreds digit of 10637315?
3
What is the hundreds digit of 5701393?
3
What is the units digit of 536929?
9
What is the ten thousands digit of 15030525?
3
What is the thousands digit of 256251?
6
What is the ten thousands digit of 450634?
5
What is the tens digit of 2610411?
1
What is the tens digit of 864619?
1
What is the hundred thousands digit of 558092?
5
What is the millions digit of 1066204?
1
What is the tens digit of 98982?
8
What is the hundreds digit of 14519421?
4
What is the ten thousands digit of 50259?
5
What is the units digit of 9421782?
2
What is the tens digit of 53390?
9
What is the hundreds digit of 24645213?
2
What is the units digit of 1199401?
1
What is the hundreds digit of 321698?
6
What is the thousands digit of 71427?
1
What is the hundred thousands digit of 1000515?
0
What is the hundreds digit of 513513?
5
What is the tens digit of 438?
3
What is the hundreds digit of 5471877?
8
What is the units digit of 133143?
3
What is the millions digit of 1417885?
1
What is the thousands digit of 18358147?
8
What is the units digit of 2228686?
6
What is the hundreds digit of 3424599?
5
What is the units digit of 98991?
1
What is the tens digit of 18228532?
3
What is the ten thousands digit of 263132?
6
What is the tens digit of 41941?
4
What is the hundred thousands digit of 2231226?
2
What is the hundred thousands digit of 2734664?
7
What is the thousands digit of 107260?
7
What is the ten thousands digit of 92912?
9
What is the ten thousands digit of 2042880?
4
What is the hundreds digit of 376715?
7
What is the units digit of 273315?
5
What is the millions digit of 2890934?
2
What is the hundreds digit of 84108?
1
What is the hundred thousands digit of 2599238?
5
What is the hundreds digit of 229426?
4
What is the units digit of 616764?
4
What is the hundreds digit of 617270?
2
What is the tens digit of 5659067?
6
What is the ten thousands digit of 8419438?
1
What is the ten thousands digit of 148543?
4
What is the hundred thousands digit of 895297?
8
What is the hundreds digit of 1303470?
4
What is the units digit of 149685?
5
What is the ten thousands digit of 27017291?
1
What is the tens digit of 2605171?
7
What is the ten thousands digit of 3664528?
6
What is the ten thousands digit of 3304398?
0
What is the hundreds digit of 368176?
1
What is the ten thousands digit of 32441?
3
What is the tens digit of 64509?
0
What is the tens digit of 706936?
3
What is the thousands digit of 7338099?
8
What is the thousands digit of 13061?
3
What is the units digit of 14356220?
0
What is the millions digit of 20874897?
0
What is the hundreds digit of 190628?
6
What is the ten thousands digit of 10941531?
4
What is the hundreds digit of 354483?
4
What is the units digit of 760893?
3
What is the units digit of 35107?
7
What is the hundred thousands digit of 4385875?
3
What is the thousands digit of 500309?
0
What is the ten thousands digit of 2145729?
4
What is the ten thousands digit of 82144?
8
What is the tens digit of 4120459?
5
What is the tens digit of 2739460?
6
What is the hundreds digit of 11420181?
1
What is the tens digit of 18258454?
5
What is the units digit of 5220676?
6
What is the thousands digit of 5362195?
2
What is the thousands digit of 182094?
2
What is the hundreds digit of 3134043?
0
What is the thousands digit of 33452891?
2
What is the thousands digit of 3802799?
2
What is the hundreds digit of 226522?
5
What is the ten thousands digit of 5172053?
7
What is the hundreds digit of 111262?
2
What is the ten millions digit of 24681319?
2
What is the tens digit of 1832662?
6
What is the millions digit of 9626547?
9
What is the ten thousands digit of 49497?
4
What is the ten thousands digit of 1307181?
0
What is the hundreds digit of 573800?
8
What is the ten thousands digit of 5591080?
9
What is the thousands digit of 269598?
9
What is the units digit of 7135?
5
What is the tens digit of 2187967?
6
What is the ten thousands digit of 11082802?
8
What is the hundreds digit of 14174780?
7
What is the millions digit of 24396239?
4
What is the tens digit of 12686697?
9
What is the ten thousands digit of 3259617?
5
What is the hundreds digit of 7537301?
3
What is the hundred thousands digit of 2317784?
3
What is the tens digit of 1448804?
0
What is the thousands digit of 38457?
8
What is the thousands digit of 869349?
9
What is the hundred thousands digit of 1225864?
2
What is the hundreds digit of 49422?
4
What is the thousands digit of 26031778?
1
What is the units digit of 7483437?
7
What is the thousands digit of 130726?
0
What is the ten thousands digit of 528851?
2
What is the tens digit of 823719?
1
What is the units digit of 8730314?
4
What is the hundreds digit of 985777?
7
What is the hundred thousands digit of 1508906?
5
What is the units digit of 854519?
9
What is the thousands digit of 1229596?
9
What is the hundred thousands digit of 1641321?
6
What is the hundred thousands digit of 12887193?
8
What is the units digit of 21576?
6
What is the hundred thousands digit of 126912?
1
What is the hundred thousands digit of 2704329?
7
What is the thousands digit of 71570?
1
What is the hundred thousands digit of 706974?
7
What is the ten thousands digit of 162582?
6
What is the hundred thousands digit of 127745?
1
What is the hundreds digit of 251118?
1
What is the ten thousands digit of 321797?
2
What is the ten thousands digit of 12640720?
4
What is the ten thousands digit of 538728?
3
What is the hundred thousands digit of 7777092?
7
What is the units digit of 9418644?
4
What is the hundred thousands digit of 219605?
2
What is the units digit of 504070?
0
What is the tens digit of 6505418?
1
What is the hundreds digit of 1076529?
5
What is the tens digit of 132764?
6
What is the tens digit of 2292703?
0
What is the millions digit of 2433254?
2
What is the millions digit of 5125654?
5
What is the millions digit of 1269259?
1
What is the hundred thousands digit of 581470?
5
What is the ten thousands digit of 232235?
3
What is the tens digit of 94389?
8
What is the ten thousands digit of 1587430?
8
What is the hundreds digit of 17822008?
0
What is the millions digit of 21290772?
1
What is the hundreds digit of 161233?
2
What is the ten thousands digit of 684023?
8
What is the hundreds digit of 28029479?
4
What is the hundred thousands digit of 110716?
1
What is the tens digit of 1816366?
6
What is the hundreds digit of 10892591?
5
What is the thousands digit of 16289329?
9
What is the thousands digit of 244897?
4
What is the units digit of 3915574?
4
What is the tens digit of 583552?
5
What is the hundreds digit of 122139?
1
What is the units digit of 86478?
8
What is the hundreds digit of 721985?
9
What is the ten thousands digit